emainder when 5076 is divided by 963?
261
What is the remainder when 12297 is divided by 71?
14
What is the remainder when 783 is divided by 276?
231
Calculate the remainder when 35700 is divided by 361.
322
Calculate the remainder when 13730 is divided by 15.
5
Calculate the remainder when 52292 is divided by 662.
656
Calculate the remainder when 20818 is divided by 300.
118
What is the remainder when 22506 is divided by 496?
186
What is the remainder when 26688 is divided by 9?
3
Calculate the remainder when 57670 is divided by 15.
10
Calculate the remainder when 154501 is divided by 40.
21
What is the remainder when 2227 is divided by 132?
115
What is the remainder when 12629 is divided by 4207?
8
Calculate the remainder when 6395 is divided by 3119.
157
What is the remainder when 1632 is divided by 524?
60
What is the remainder when 49013 is divided by 88?
85
Calculate the remainder when 5158654 is divided by 288.
286
Calculate the remainder when 47474 is divided by 15821.
11
What is the remainder when 77177 is divided by 930?
917
Calculate the remainder when 266552 is divided by 63.
62
Calculate the remainder when 4117 is divided by 118.
105
Calculate the remainder when 429065 is divided by 394.
393
What is the remainder when 30357 is divided by 22?
19
What is the remainder when 491 is divided by 25?
16
Calculate the remainder when 1518 is divided by 337.
170
Calculate the remainder when 3087807 is divided by 330.
327
What is the remainder when 2343 is divided by 1159?
25
Calculate the remainder when 13354 is divided by 1115.
1089
Calculate the remainder when 6551 is divided by 33.
17
What is the remainder when 24073 is divided by 8015?
28
Calculate the remainder when 161018 is divided by 485.
483
What is the remainder when 1779176 is divided by 260?
256
Calculate the remainder when 2081697 is divided by 30.
27
Calculate the remainder when 9177 is divided by 68.
65
What is the remainder when 201585 is divided by 321?
318
Calculate the remainder when 81302 is divided by 26641.
1379
What is the remainder when 6599 is divided by 574?
285
What is the remainder when 1564 is divided by 1543?
21
Calculate the remainder when 2153 is divided by 2148.
5
What is the remainder when 22934 is divided by 139?
138
Calculate the remainder when 10644 is divided by 82.
66
What is the remainder when 76986 is divided by 43?
16
Calculate the remainder when 281014 is divided by 259.
258
What is the remainder when 12698 is divided by 146?
142
Calculate the remainder when 53568 is divided by 321.
282
Calculate the remainder when 10515 is divided by 23.
4
What is the remainder when 2141 is divided by 22?
7
What is the remainder when 1740199 is divided by 113?
112
Calculate the remainder when 29704 is divided by 43.
34
What is the remainder when 15874 is divided by 138?
4
Calculate the remainder when 9887 is divided by 206.
205
Calculate the remainder when 153580 is divided by 51158.
106
Calculate the remainder when 22397 is divided by 933.
5
What is the remainder when 3360 is divided by 41?
39
Calculate the remainder when 28356 is divided by 22.
20
Calculate the remainder when 7906 is divided by 414.
40
What is the remainder when 828528 is divided by 5?
3
Calculate the remainder when 188657 is divided by 223.
222
What is the remainder when 25139 is divided by 222?
53
What is the remainder when 6151 is divided by 5440?
711
What is the remainder when 12513 is divided by 75?
63
What is the remainder when 3042 is divided by 280?
242
Calculate the remainder when 586 is divided by 139.
30
Calculate the remainder when 785359 is divided by 261.
10
Calculate the remainder when 52528 is divided by 8751.
22
Calculate the remainder when 30510 is divided by 38.
34
Calculate the remainder when 21969 is divided by 10.
9
Calculate the remainder when 19097 is divided by 4773.
5
Calculate the remainder when 891546 is divided by 23.
20
Calculate the remainder when 6050 is divided by 101.
91
What is the remainder when 5611 is divided by 1317?
343
Calculate the remainder when 2463 is divided by 112.
111
Calculate the remainder when 151753 is divided by 85.
28
What is the remainder when 13889 is divided by 107?
86
What is the remainder when 102760 is divided by 346?
344
Calculate the remainder when 1355022 is divided by 203.
200
Calculate the remainder when 2926 is divided by 1460.
6
What is the remainder when 45388 is divided by 111?
100
Calculate the remainder when 11290 is divided by 231.
202
What is the remainder when 4499 is divided by 144?
35
What is the remainder when 111623 is divided by 111616?
7
Calculate the remainder when 3517 is divided by 1171.
4
What is the remainder when 28471 is divided by 811?
86
Calculate the remainder when 6208090 is divided by 33.
31
Calculate the remainder when 2013957 is divided by 390.
387
Calculate the remainder when 49611 is divided by 9.
3
Calculate the remainder when 1348 is divided by 123.
118
Calculate the remainder when 25152 is divided by 1045.
72
What is the remainder when 31062 is divided by 1941?
6
What is the remainder when 1058 is divided by 1013?
45
What is the remainder when 103991 is divided by 35?
6
What is the remainder when 410319 is divided by 4771?
13
Calculate the remainder when 4083 is divided by 163.
8
What is the remainder when 28035 is divided by 86?
85
What is the remainder when 794101 is divided by 314?
309
What is the remainder when 1254 is divided by 21?
15
Calculate the remainder when 343182 is divided by 137.
134
Calculate the remainder when 1483 is divided by 421.
220
What is the remainder when 286524 is divided by 95?
4
Calculate the remainder when 7485 is divided by 119.
107
Calculate the remainder when 41352 is divided by 20652.
48
What is the remainder when 82790 is divided by 262?
260
Calculate the remainder when 76317 is divided by 1556.
73
What is the remainder when 2870459 is divided by 740?
739
What is the remainder when 10227 is divided by 3263?
438
What is the remainder when 36449 is divided by 48?
17
Calculate the remainder when 1054 is divided by 262.
6
What is the remainder when 702 is divided by 108?
54
What is the remainder when 170619 is divided by 75?
69
Calculate the remainder when 222626 is divided by 1060.
26
What is the remainder when 7977 is divided by 7563?
414
What is the remainder when 10915 is divided by 10911?
4
What is the remainder when 7108 is divided by 1251?
853
What is the remainder when 2041 is divided by 454?
225
What is the remainder when 29 is divided by 21?
8
Calculate the remainder when 36545 is divided by 34.
29
Calculate the remainder when 6277 is divided by 75.
52
What is the remainder when 13437 is divided by 4450?
87
What is the remainder when 24218 is divided by 12108?
2
What is the remainder when 16801 is divided by 9?
7
What is the remainder when 104492 is divided by 14?
10
What is the remainder when 9732 is divided by 2375?
232
Calculate the remainder when 10601 is divided by 524.
121
Calculate the remainder when 15120 is divided by 8.
0
Calculate the remainder when 5961 is divided by 1664.
969
What is the remainder when 19507 is divided by 75?
7
Calculate the remainder when 14261 is divided by 2375.
11
What is the remainder when 24004 is divided by 5995?
24
Calculate the remainder when 772 is divided by 125.
22
Calculate the remainder when 12951 is divided by 1417.
198
What is the remainder when 24716 is divided by 120?
116
What is the remainder when 125422 is divided by 185?
177
What is the remainder when 2856 is divided by 404?
28
Calculate the remainder when 6416 is divided by 45.
26
What is the remainder when 11550 is divided by 429?
396
What is the remainder when 66149 is divided by 133?
48
Calculate the remainder when 6249 is divided by 1623.
1380
What is the remainder when 70956 is divided by 35462?
32
What is the remainder when 131556 is divided by 131514?
42
Calculate the remainder when 452512 is divided by 106.
104
What is the remainder when 78956 is divided by 275?
31
Calculate the remainder when 233111 is divided by 38851.
5
Calculate the remainder when 166054 is divided by 68.
66
Calculate the remainder when 471997 is divided by 118.
115
Calculate the remainder when 514203 is divided by 98.
95
Calculate the remainder when 11372 is divided by 944.